ate the highest common divisor of 5 and 23445.
5
What is the greatest common divisor of 1068 and 623?
89
Calculate the highest common divisor of 968 and 440.
88
Calculate the greatest common divisor of 98 and 2891.
49
What is the greatest common divisor of 4676 and 112?
28
What is the greatest common factor of 1554 and 2814?
42
What is the greatest common factor of 3486 and 84?
42
What is the greatest common divisor of 19565 and 70?
35
What is the greatest common factor of 481 and 74?
37
What is the greatest common divisor of 29 and 37207?
29
Calculate the greatest common factor of 418 and 198.
22
Calculate the highest common divisor of 20363 and 7.
7
Calculate the greatest common factor of 176 and 396.
44
What is the highest common divisor of 52 and 39598?
26
Calculate the greatest common divisor of 13 and 689.
13
Calculate the greatest common divisor of 5 and 356.
1
Calculate the greatest common factor of 3692 and 52.
52
Calculate the greatest common divisor of 1701 and 18.
9
What is the greatest common divisor of 77 and 44?
11
Calculate the greatest common factor of 280 and 352.
8
Calculate the greatest common factor of 85 and 5.
5
Calculate the greatest common factor of 74 and 185.
37
Calculate the highest common divisor of 1643 and 93.
31
What is the highest common factor of 1540 and 15?
5
What is the greatest common factor of 1813 and 37?
37
Calculate the greatest common factor of 9 and 9459.
9
What is the greatest common divisor of 4123 and 62?
31
Calculate the greatest common divisor of 78003 and 107.
107
What is the highest common divisor of 7 and 322?
7
Calculate the greatest common divisor of 19 and 323.
19
Calculate the highest common factor of 1177 and 11.
11
Calculate the greatest common divisor of 39 and 481.
13
What is the highest common divisor of 37 and 24383?
37
Calculate the highest common divisor of 91267 and 11.
11
What is the highest common divisor of 2088 and 96?
24
Calculate the greatest common factor of 3 and 971.
1
Calculate the highest common divisor of 176 and 66.
22
What is the greatest common divisor of 300 and 2775?
75
Calculate the highest common divisor of 3591 and 567.
189
What is the greatest common divisor of 66 and 8646?
66
Calculate the greatest common divisor of 22 and 3443.
11
What is the greatest common divisor of 994 and 3621?
71
What is the highest common factor of 437 and 95?
19
Calculate the highest common divisor of 594 and 54.
54
What is the greatest common divisor of 1748 and 133?
19
Calculate the greatest common factor of 18877 and 43.
43
What is the highest common divisor of 117 and 858?
39
What is the greatest common divisor of 6 and 1308?
6
Calculate the greatest common factor of 36481 and 191.
191
What is the highest common divisor of 1332 and 72?
36
What is the greatest common divisor of 2910 and 330?
30
What is the highest common divisor of 8604 and 144?
36
Calculate the greatest common factor of 7328 and 32.
32
Calculate the greatest common divisor of 161 and 46.
23
What is the greatest common divisor of 378 and 567?
189
What is the highest common factor of 135 and 39?
3
What is the highest common factor of 16950 and 150?
150
What is the highest common factor of 11 and 38830?
11
Calculate the greatest common divisor of 429 and 351.
39
What is the highest common factor of 12507 and 22?
11
Calculate the highest common factor of 119 and 663.
17
What is the highest common divisor of 54 and 4?
2
Calculate the highest common factor of 128 and 3008.
64
What is the greatest common factor of 65 and 273?
13
What is the greatest common factor of 6336 and 320?
64
What is the highest common factor of 58 and 145?
29
What is the greatest common divisor of 2 and 10358?
2
Calculate the highest common factor of 10 and 4790.
10
What is the highest common factor of 72 and 36?
36
What is the greatest common factor of 828 and 120?
12
Calculate the greatest common factor of 15995 and 140.
35
Calculate the highest common divisor of 258 and 102.
6
What is the greatest common factor of 36 and 13626?
18
What is the greatest common divisor of 37 and 1591?
37
Calculate the greatest common divisor of 340 and 2159.
17
Calculate the greatest common divisor of 210 and 168.
42
What is the greatest common divisor of 72 and 702?
18
Calculate the greatest common divisor of 14 and 2996.
14
Calculate the highest common factor of 56 and 136.
8
What is the highest common factor of 16762 and 58?
58
Calculate the highest common factor of 2658 and 30.
6
Calculate the greatest common factor of 216 and 360.
72
Calculate the highest common factor of 12095 and 177.
59
What is the greatest common divisor of 110 and 473?
11
Calculate the highest common factor of 725 and 25.
25
What is the highest common factor of 952 and 272?
136
Calculate the highest common divisor of 204 and 12.
12
What is the highest common divisor of 13 and 1313?
13
What is the highest common factor of 5340 and 89?
89
Calculate the greatest common divisor of 385 and 3360.
35
Calculate the greatest common divisor of 16 and 5392.
16
What is the greatest common divisor of 325 and 13?
13
What is the highest common divisor of 25 and 44425?
25
Calculate the greatest common factor of 50 and 175.
25
What is the greatest common divisor of 518 and 74?
74
What is the greatest common divisor of 51 and 68?
17
What is the greatest common divisor of 40 and 640?
40
What is the greatest common divisor of 900 and 720?
180
Calculate the highest common factor of 124 and 155.
31
What is the highest common factor of 2034 and 162?
18
What is the greatest common factor of 42 and 354?
6
Calculate the highest common divisor of 72 and 40.
8
Calculate the highest common divisor of 4 and 26.
2
What is the highest common divisor of 21 and 329?
7
Calculate the highest common factor of 264 and 55.
11
Calculate the greatest common factor of 963 and 27.
9
Calculate the greatest common divisor of 226 and 16.
2
Calculate the greatest common factor of 136 and 64.
8
Calculate the highest common divisor of 1164 and 12.
12
Calculate the greatest common factor of 1016 and 136.
8
Calculate the greatest common divisor of 15 and 115.
5
Calculate the highest common divisor of 85 and 4097.
17
Calculate the highest common divisor of 91 and 959.
7
Calculate the greatest common divisor of 339 and 45.
3
Calculate the highest common factor of 275 and 220.
55
Calculate the highest common factor of 187 and 1804.
11
What is the greatest common factor of 40 and 24?
8
Calculate the greatest common factor of 1476 and 54.
18
Calculate the highest common factor of 108 and 1431.
27
Calculate the greatest common divisor of 584 and 730.
146
Calculate the greatest common factor of 483 and 105.
21
Calculate the greatest common factor of 536 and 160.
8
What is the highest common factor of 80 and 45?
5
Calculate the greatest common factor of 18 and 15786.
18
Calculate the greatest common factor of 247 and 171.
19
Calculate the greatest common divisor of 188 and 8.
4
Calculate the greatest common factor of 3 and 15.
3
Calculate the highest common factor of 55 and 198.
11
What is the highest common factor of 3438 and 99?
9
Calculate the greatest common divisor of 6 and 1322.
2
Calculate the greatest common divisor of 7742 and 98.
98
What is the greatest common divisor of 7654 and 1424?
178
Calculate the highest common factor of 33 and 2849.
11
What is the greatest common factor of 2232 and 3162?
186
What is the highest common divisor of 496 and 32?
16
Calculate the highest common divisor of 406 and 24563.
203
Calculate the greatest common divisor of 92 and 23.
23
Calculate the greatest common divisor of 820 and 40.
20
Calculate the greatest common factor of 1278 and 71.
71
What is the greatest common divisor of 120 and 432?
24
Calculate the greatest common divisor of 245 and 145.
5
Calculate the greatest common divisor of 34 and 5831.
17
Calculate the highest common divisor of 858 and 12.
6
What is the greatest common factor of 782 and 1058?
46
Calculate the greatest common factor of 71456 and 56.
56
What is the highest common divisor of 3584 and 56?
56
What is the highest common factor of 10 and 5?
5
Calculate the greatest common factor of 65 and 130.
65
What is the greatest common divisor of 621 and 690?
69
What is the highes